{"id":697,"date":"2024-11-08T17:35:39","date_gmt":"2024-11-08T17:35:39","guid":{"rendered":"https:\/\/policlinicoredondela.com\/?page_id=697"},"modified":"2024-11-14T12:26:50","modified_gmt":"2024-11-14T12:26:50","slug":"aviso-legal","status":"publish","type":"page","link":"https:\/\/policlinicoredondela.com\/?page_id=697","title":{"rendered":"Aviso Legal"},"content":{"rendered":"<p>[et_pb_section fb_built=\u00bb1&#8243; admin_label=\u00bbHeader\u00bb _builder_version=\u00bb4.24.2&#8243; _module_preset=\u00bbdefault\u00bb custom_padding=\u00bb||0px||false|false\u00bb collapsed=\u00bbon\u00bb global_colors_info=\u00bb{}\u00bb][et_pb_row _builder_version=\u00bb4.25.0&#8243; _module_preset=\u00bbdefault\u00bb max_width=\u00bbnone\u00bb global_colors_info=\u00bb{}\u00bb][et_pb_column type=\u00bb4_4&#8243; _builder_version=\u00bb4.24.2&#8243; _module_preset=\u00bbdefault\u00bb global_colors_info=\u00bb{}\u00bb][et_pb_text _builder_version=\u00bb4.24.2&#8243; _module_preset=\u00bb3f659099-ff28-4757-a1b1-16be8e7b42ef\u00bb header_text_color=\u00bbgcid-0a70bcaa-1736-40e0-9723-4fb88b8b6694&#8243; text_orientation=\u00bbcenter\u00bb custom_margin=\u00bb||10px||false|false\u00bb global_colors_info=\u00bb{%22gcid-0a70bcaa-1736-40e0-9723-4fb88b8b6694%22:%91%22header_text_color%22%93}\u00bb]<\/p>\n<h1>Aviso<\/h1>\n<h1>Legal<\/h1>\n<p>[\/et_pb_text][\/et_pb_column][\/et_pb_row][et_pb_row _builder_version=\u00bb4.27.2&#8243; _module_preset=\u00bbdefault\u00bb global_colors_info=\u00bb{}\u00bb][et_pb_column type=\u00bb4_4&#8243; _builder_version=\u00bb4.27.2&#8243; _module_preset=\u00bbdefault\u00bb global_colors_info=\u00bb{}\u00bb][et_pb_text _builder_version=\u00bb4.27.2&#8243; _module_preset=\u00bbdefault\u00bb global_colors_info=\u00bb{}\u00bb]<\/p>\n<div class=\"page-content\">\n<div class=\"wpb-content-wrapper\">\n<div class=\"vc_row wpb_row row top-row vc_custom_1679303824431\">\n<div class=\"vc_column_container col-md-12\">\n<div class=\"wpb_wrapper vc_column-inner\">\n<div class=\"wpb_text_column wpb_content_element\">\n<div class=\"wpb_wrapper\">\n<p>En cumplimiento con el deber de informaci\u00f3n recogido en la Ley 34\/2002, de 11 de julio, de Servicios de la Sociedad de la Informaci\u00f3n y del Comercio Electr\u00f3nico se le informa que la empresa titular de este \u201csitio web corporativo\u201d es:<\/p>\n<ul>\n<li>Raz\u00f3n social: POLICL\u00cdNICO REDONDELA<\/li>\n<li>Domicilio: en <span><span class=\"BBwThe\">R\u00faa Pai Crespo, 41,\u00a0<\/span><\/span> 36800 Redondela, Pontevedra.<\/li>\n<li>NIF: B-94164530<\/li>\n<li>Correo electr\u00f3nico de contacto: info@policlinicoredondela.com<\/li>\n<\/ul>\n<h2>1. CONDICIONES DE USO Y SU ACEPTACI\u00d3N<\/h2>\n<p>Estas condiciones regulan el uso de la web de \u201cPOLICL\u00cdNICO REDONDELA\u201d para el usuario de Internet, y expresan la aceptaci\u00f3n plena y sin reservas del mismo de todas y cada una de las condiciones y restricciones que est\u00e9n publicadas en la web en el momento en que acceda a la misma.<br \/>El acceso a la web y\/o la utilizaci\u00f3n de cualquiera de los servicios en ella incluidos supondr\u00e1 la aceptaci\u00f3n de todas las condiciones de uso.<br \/>\u201cPOLICL\u00cdNICO REDONDELA\u201d se reserva el derecho a modificar unilateralmente la web y los servicios en ella ofrecidos, incluyendo la modificaci\u00f3n de las condiciones de uso. Por ello se recomienda al usuario que lea este Aviso Legal tantas veces como acceda a la web.<\/p>\n<h2>2. CONDICIONES DE UTILIZACI\u00d3N DE LA WEB<\/h2>\n<p>El usuario debe utilizar la web de conformidad con los usos autorizados.<br \/>Queda expresamente prohibida la utilizaci\u00f3n de la web o de cualquiera de sus servicios con fines o efectos il\u00edcitos, contrarios a la buena fe, al orden p\u00fablico o a lo establecido en las condiciones de uso.<br \/>Queda igualmente prohibido cualquier uso lesivo de derechos o intereses de terceros o que, de cualquier forma, dificulten la utilizaci\u00f3n por parte de otros usuarios la normal utilizaci\u00f3n de la web y\/o sus servicios.<\/p>\n<h2>3. DERECHOS DE PROPIEDAD INTELECTUAL E INDUSTRIAL<\/h2>\n<p>Todos los contenidos de la web (marca, nombres comerciales, im\u00e1genes, iconos, dise\u00f1o y presentaci\u00f3n general de las diferentes secciones) est\u00e1n sujetos a derechos de propiedad intelectual o industrial de \u201cPOLICL\u00cdNICO REDONDELA\u201d o de terceros. En ning\u00fan caso el acceso a la web implica que por parte de \u201cPOLICL\u00cdNICO REDONDELA\u201d o del titular de esos derechos:<br \/>\u2022 se otorgue autorizaci\u00f3n o licencia alguna sobre esos contenidos,<br \/>\u2022 se renuncie, transmita o ceda total o parcialmente ninguno de sus derechos sobre esos contenidos (entre otros, sus derechos de reproducci\u00f3n, distribuci\u00f3n y comunicaci\u00f3n p\u00fablica).<br \/>No podr\u00e1n realizarse utilizaciones de la web y\/o de sus contenidos, diferentes de las expresamente autorizadas por \u201cPOLICL\u00cdNICO REDONDELA\u201d. Ning\u00fan usuario de esta web puede revender, volver a publicar, imprimir, bajar, copiar, retransmitir o presentar ning\u00fan elemento de esta web ni de los contenidos de la misma sin el consentimiento previo por escrito de \u201cPOLICL\u00cdNICO REDONDELA\u201d, a menos que la ley permita, en medida razonable, copiar o imprimir los contenidos para uso personal y no comercial manteni\u00e9ndose inalterados, en todo caso, el Copyright y dem\u00e1s datos identificativos de los derechos de \u201cPOLICL\u00cdNICO REDONDELA\u201d y\/o del titular de los derechos de esos contenidos.<br \/>Esta web y sus contenidos est\u00e1n protegidos por las leyes de protecci\u00f3n de la Propiedad Industrial e Intelectual internacionales y de Espa\u00f1a, ya sea como obras individuales y\/o como compilaciones. El usuario no puede borrar ni modificar de ninguna forma la informaci\u00f3n relativa a esos derechos incluidos en la web.<br \/>Quedan reservados todos los derechos a favor de \u201cPOLICL\u00cdNICO REDONDELA\u201d o del titular de los mismos.<\/p>\n<h2>4. EXCLUSI\u00d3N DE GARANT\u00cdAS Y REPONSABILIDAD<\/h2>\n<h4>4.1 Exclusi\u00f3n de garant\u00edas y responsabilidad por el funcionamiento de la Web.<\/h4>\n<p>\u00abPOLICL\u00cdNICO REDONDELA\u201d no garantiza y no asume ninguna responsabilidad por el funcionamiento de la web y\/o sus servicios. En caso de producirse interrupciones en su funcionamiento \u201cPOLICL\u00cdNICO REDONDELA\u201d tratar\u00e1, si esto fuera posible, de advertirlo al usuario. \u201cPOLICL\u00cdNICO REDONDELA\u201d tampoco garantiza la utilidad de la web y\/o sus servicios para la realizaci\u00f3n de ninguna actividad en particular, su infalibilidad ni que el usuario pueda utilizar en todo momento la web o los servicios que se ofrezcan. \u201cPOLICL\u00cdNICO REDONDELA\u201d est\u00e1 autorizado a efectuar cuantas modificaciones t\u00e9cnicas sean precisas para mejorar la calidad, rendimiento, eficacia del sistema y de su conexi\u00f3n. Salvo que se indique expresamente un plazo, la prestaci\u00f3n de los servicios tiene en principio una duraci\u00f3n indefinida; no obstante, \u201cPOLICL\u00cdNICO REDONDELA\u201d est\u00e1 autorizado a dar por terminados alguno de los servicios o el acceso a la web en cualquier momento. Siempre que esto fuera posible, \u201cPOLICL\u00cdNICO REDONDELA\u201d tratar\u00e1 de comunicarlo con antelaci\u00f3n al usuario.<\/p>\n<h4>4.2 Exclusi\u00f3n de garant\u00edas y responsabilidad por los contenidos<\/h4>\n<p>Los contenidos de todo tipo incluidos en la web que se hallan disponibles para el p\u00fablico en general, facilitan el acceso a informaci\u00f3n, productos y servicios suministrados o prestados por \u201cPOLICL\u00cdNICO REDONDELA\u201d. Dichos contenidos son facilitados de buena fe por \u201cPOLICL\u00cdNICO REDONDELA\u201d con informaci\u00f3n procedente, en ocasiones, de fuentes distintas a \u201cPOLICL\u00cdNICO REDONDELA\u201d. Por lo tanto, \u201cPOLICL\u00cdNICO REDONDELA\u201d no puede garantizar la fiabilidad, veracidad, exhaustividad y actualidad de los contenidos y, por tanto queda excluido cualquier tipo de responsabilidad de \u201cPOLICL\u00cdNICO REDONDELA\u201d que pudiera derivarse por los da\u00f1os causados, directa o indirectamente, por la informaci\u00f3n a la que se acceda por medio de la web. \u201cPOLICL\u00cdNICO REDONDELA\u201d no garantiza la idoneidad de los contenidos incluidos en la web para fines particulares de quien acceda a la misma. En consecuencia, tanto el acceso a dicha web como el uso que pueda hacerse de la informaci\u00f3n y contenidos incluidos en las mismas se efect\u00faa bajo la exclusiva responsabilidad de quien lo realice, y \u201cPOLICL\u00cdNICO REDONDELA\u201d no responder\u00e1 en ning\u00fan caso y en ninguna medida por los eventuales perjuicios derivados del uso de la informaci\u00f3n y contenidos accesibles en la web. Asimismo, \u201cPOLICL\u00cdNICO REDONDELA\u201d no ser\u00e1 en ning\u00fan caso responsable por productos o servicios prestados u ofertados por otras personas o entidades, o por contenidos, informaciones, comunicaciones, opiniones o manifestaciones de cualquier tipo originados o vertidos por terceros y a las que se pueda acceder a trav\u00e9s de la web.<\/p>\n<h4>4.3 Exclusi\u00f3n de garant\u00edas y responsabilidad por enlaces a otras p\u00e1ginas<\/h4>\n<p>La web puede permitir al usuario su acceso por medio de enlaces a otras p\u00e1ginas web. \u201cPOLICL\u00cdNICO REDONDELA\u201d no responde ni hace suyo el contenido de las p\u00e1ginas web enlazadas, ni garantiza la legalidad, exactitud, veracidad y fiabilidad de la informaci\u00f3n que incluyan. La existencia de un enlace no supondr\u00e1 la existencia de relaci\u00f3n de ning\u00fan tipo entre \u201cPOLICL\u00cdNICO REDONDELA\u201d y la titular del sitio enlazado. \u201cPOLICL\u00cdNICO REDONDELA\u201d no tendr\u00e1 ning\u00fan tipo de responsabilidad por infracciones o da\u00f1os que se causen al usuario o a terceros por el contenido de las p\u00e1ginas web a las que se encuentren unidas por un enlace.<\/p>\n<h2>5. JURISDICCI\u00d3N Y LEY APLICABLE<\/h2>\n<p>Las condiciones de uso y los servicios ofrecidos en la web se rigen por la Ley Espa\u00f1ola. \u201cPOLICL\u00cdNICO REDONDELA\u201d no tiene control alguno sobre quien o quienes pueden acceder a su web y donde pueden estar emplazados. A pesar de que \u201cPOLICL\u00cdNICO REDONDELA\u201d es consciente de ello, esto no significa que se someta a las jurisdicciones de pa\u00edses extranjeros; en caso de conflicto o reclamaci\u00f3n en relaci\u00f3n a la web o cualquiera de los servicios por ella prestados, las partes acuerdan someterse expresamente a los juzgados y tribunales de VIGO (Pontevedra).<\/p>\n<\/div>\n<\/div>\n<\/div>\n<\/div>\n<\/div>\n<\/div>\n<\/div>\n<p>[\/et_pb_text][\/et_pb_column][\/et_pb_row][\/et_pb_section]<\/p>\n","protected":false},"excerpt":{"rendered":"<p>Aviso Legal En cumplimiento con el deber de informaci\u00f3n recogido en la Ley 34\/2002, de 11 de julio, de Servicios de la Sociedad de la Informaci\u00f3n y del Comercio Electr\u00f3nico se le informa que la empresa titular de este \u201csitio web corporativo\u201d es: Raz\u00f3n social: POLICL\u00cdNICO REDONDELA Domicilio: en R\u00faa Pai Crespo, 41,\u00a0 36800 Redondela, [&hellip;]<\/p>\n","protected":false},"author":1,"featured_media":0,"parent":0,"menu_order":0,"comment_status":"closed","ping_status":"closed","template":"","meta":{"_et_pb_use_builder":"on","_et_pb_old_content":"","_et_gb_content_width":"","footnotes":""},"class_list":["post-697","page","type-page","status-publish","hentry"],"_links":{"self":[{"href":"https:\/\/policlinicoredondela.com\/index.php?rest_route=\/wp\/v2\/pages\/697","targetHints":{"allow":["GET"]}}],"collection":[{"href":"https:\/\/policlinicoredondela.com\/index.php?rest_route=\/wp\/v2\/pages"}],"about":[{"href":"https:\/\/policlinicoredondela.com\/index.php?rest_route=\/wp\/v2\/types\/page"}],"author":[{"embeddable":true,"href":"https:\/\/policlinicoredondela.com\/index.php?rest_route=\/wp\/v2\/users\/1"}],"replies":[{"embeddable":true,"href":"https:\/\/policlinicoredondela.com\/index.php?rest_route=%2Fwp%2Fv2%2Fcomments&post=697"}],"version-history":[{"count":7,"href":"https:\/\/policlinicoredondela.com\/index.php?rest_route=\/wp\/v2\/pages\/697\/revisions"}],"predecessor-version":[{"id":711,"href":"https:\/\/policlinicoredondela.com\/index.php?rest_route=\/wp\/v2\/pages\/697\/revisions\/711"}],"wp:attachment":[{"href":"https:\/\/policlinicoredondela.com\/index.php?rest_route=%2Fwp%2Fv2%2Fmedia&parent=697"}],"curies":[{"name":"wp","href":"https:\/\/api.w.org\/{rel}","templated":true}]}}